{"id":710,"date":"2024-10-08T09:02:13","date_gmt":"2024-10-08T07:02:13","guid":{"rendered":"https:\/\/odontogirona.com\/equip\/sara-torres\/"},"modified":"2025-01-24T16:58:25","modified_gmt":"2025-01-24T15:58:25","slug":"sara-torres","status":"publish","type":"equip","link":"https:\/\/odontogirona.com\/es\/equipo\/sara-torres\/","title":{"rendered":"Sara Torres"},"content":{"rendered":"","protected":false},"featured_media":607,"template":"","categoria-equip":[23],"class_list":["post-710","equip","type-equip","status-publish","has-post-thumbnail","hentry","categoria-equip-auxiliar-es"],"yoast_head":"<!-- This site is optimized with the Yoast SEO plugin v27.5 - https:\/\/yoast.com\/product\/yoast-seo-wordpress\/ -->\n<title>Sara Torres - Odonto M\u00e8dic Girona<\/title>\n<meta name=\"robots\" content=\"index, follow, max-snippet:-1, max-image-preview:large, max-video-preview:-1\" \/>\n<link rel=\"canonical\" href=\"https:\/\/odontogirona.com\/es\/equipo\/sara-torres\/\" \/>\n<meta property=\"og:locale\" content=\"es_ES\" \/>\n<meta property=\"og:type\" content=\"article\" \/>\n<meta property=\"og:title\" content=\"Sara Torres - Odonto M\u00e8dic Girona\" \/>\n<meta property=\"og:url\" content=\"https:\/\/odontogirona.com\/es\/equipo\/sara-torres\/\" \/>\n<meta property=\"og:site_name\" content=\"Odonto M\u00e8dic Girona\" \/>\n<meta property=\"article:publisher\" content=\"https:\/\/www.facebook.com\/p\/Odontomedic-Centre-odontolgic-Girona-100065433253294\/?locale=gl_ES\" \/>\n<meta property=\"article:modified_time\" content=\"2025-01-24T15:58:25+00:00\" \/>\n<meta property=\"og:image\" content=\"https:\/\/odontogirona.com\/wp-content\/uploads\/2024\/10\/Odontomedic-Girona-Equip-Sara-Torres.jpg\" \/>\n\t<meta property=\"og:image:width\" content=\"1238\" \/>\n\t<meta property=\"og:image:height\" content=\"2048\" \/>\n\t<meta property=\"og:image:type\" content=\"image\/jpeg\" \/>\n<meta name=\"twitter:card\" content=\"summary_large_image\" \/>\n<script type=\"application\/ld+json\" class=\"yoast-schema-graph\">{\"@context\":\"https:\\\/\\\/schema.org\",\"@graph\":[{\"@type\":\"WebPage\",\"@id\":\"https:\\\/\\\/odontogirona.com\\\/es\\\/equipo\\\/sara-torres\\\/\",\"url\":\"https:\\\/\\\/odontogirona.com\\\/es\\\/equipo\\\/sara-torres\\\/\",\"name\":\"Sara Torres - Odonto M\u00e8dic Girona\",\"isPartOf\":{\"@id\":\"https:\\\/\\\/odontogirona.com\\\/es\\\/#website\"},\"primaryImageOfPage\":{\"@id\":\"https:\\\/\\\/odontogirona.com\\\/es\\\/equipo\\\/sara-torres\\\/#primaryimage\"},\"image\":{\"@id\":\"https:\\\/\\\/odontogirona.com\\\/es\\\/equipo\\\/sara-torres\\\/#primaryimage\"},\"thumbnailUrl\":\"https:\\\/\\\/odontogirona.com\\\/wp-content\\\/uploads\\\/2024\\\/10\\\/Odontomedic-Girona-Equip-Sara-Torres.jpg\",\"datePublished\":\"2024-10-08T07:02:13+00:00\",\"dateModified\":\"2025-01-24T15:58:25+00:00\",\"breadcrumb\":{\"@id\":\"https:\\\/\\\/odontogirona.com\\\/es\\\/equipo\\\/sara-torres\\\/#breadcrumb\"},\"inLanguage\":\"es\",\"potentialAction\":[{\"@type\":\"ReadAction\",\"target\":[\"https:\\\/\\\/odontogirona.com\\\/es\\\/equipo\\\/sara-torres\\\/\"]}]},{\"@type\":\"ImageObject\",\"inLanguage\":\"es\",\"@id\":\"https:\\\/\\\/odontogirona.com\\\/es\\\/equipo\\\/sara-torres\\\/#primaryimage\",\"url\":\"https:\\\/\\\/odontogirona.com\\\/wp-content\\\/uploads\\\/2024\\\/10\\\/Odontomedic-Girona-Equip-Sara-Torres.jpg\",\"contentUrl\":\"https:\\\/\\\/odontogirona.com\\\/wp-content\\\/uploads\\\/2024\\\/10\\\/Odontomedic-Girona-Equip-Sara-Torres.jpg\",\"width\":1238,\"height\":2048},{\"@type\":\"BreadcrumbList\",\"@id\":\"https:\\\/\\\/odontogirona.com\\\/es\\\/equipo\\\/sara-torres\\\/#breadcrumb\",\"itemListElement\":[{\"@type\":\"ListItem\",\"position\":1,\"name\":\"Inici\",\"item\":\"https:\\\/\\\/odontogirona.com\\\/es\\\/inicio\\\/\"},{\"@type\":\"ListItem\",\"position\":2,\"name\":\"Equip\",\"item\":\"https:\\\/\\\/odontogirona.com\\\/es\\\/equipo\\\/\"},{\"@type\":\"ListItem\",\"position\":3,\"name\":\"Sara Torres\"}]},{\"@type\":\"WebSite\",\"@id\":\"https:\\\/\\\/odontogirona.com\\\/es\\\/#website\",\"url\":\"https:\\\/\\\/odontogirona.com\\\/es\\\/\",\"name\":\"Odonto M\u00e8dic. Centre Odotol\u00f2gic Girona\",\"description\":\"El teu centre odontol\u00f2gic a GIrona\",\"publisher\":{\"@id\":\"https:\\\/\\\/odontogirona.com\\\/es\\\/#organization\"},\"potentialAction\":[{\"@type\":\"SearchAction\",\"target\":{\"@type\":\"EntryPoint\",\"urlTemplate\":\"https:\\\/\\\/odontogirona.com\\\/es\\\/?s={search_term_string}\"},\"query-input\":{\"@type\":\"PropertyValueSpecification\",\"valueRequired\":true,\"valueName\":\"search_term_string\"}}],\"inLanguage\":\"es\"},{\"@type\":\"Organization\",\"@id\":\"https:\\\/\\\/odontogirona.com\\\/es\\\/#organization\",\"name\":\"Odonto M\u00e8dic, Centre Odotol\u00f2gic Girona\",\"url\":\"https:\\\/\\\/odontogirona.com\\\/es\\\/\",\"logo\":{\"@type\":\"ImageObject\",\"inLanguage\":\"es\",\"@id\":\"https:\\\/\\\/odontogirona.com\\\/es\\\/#\\\/schema\\\/logo\\\/image\\\/\",\"url\":\"https:\\\/\\\/odontogirona.com\\\/wp-content\\\/uploads\\\/2024\\\/08\\\/ofontomedic-girona-simbol.webp\",\"contentUrl\":\"https:\\\/\\\/odontogirona.com\\\/wp-content\\\/uploads\\\/2024\\\/08\\\/ofontomedic-girona-simbol.webp\",\"width\":186,\"height\":186,\"caption\":\"Odonto M\u00e8dic, Centre Odotol\u00f2gic Girona\"},\"image\":{\"@id\":\"https:\\\/\\\/odontogirona.com\\\/es\\\/#\\\/schema\\\/logo\\\/image\\\/\"},\"sameAs\":[\"https:\\\/\\\/www.facebook.com\\\/p\\\/Odontomedic-Centre-odontolgic-Girona-100065433253294\\\/?locale=gl_ES\",\"https:\\\/\\\/www.instagram.com\\\/odontogirona\\\/\"]}]}<\/script>\n<!-- \/ Yoast SEO plugin. -->","yoast_head_json":{"title":"Sara Torres - Odonto M\u00e8dic Girona","robots":{"index":"index","follow":"follow","max-snippet":"max-snippet:-1","max-image-preview":"max-image-preview:large","max-video-preview":"max-video-preview:-1"},"canonical":"https:\/\/odontogirona.com\/es\/equipo\/sara-torres\/","og_locale":"es_ES","og_type":"article","og_title":"Sara Torres - Odonto M\u00e8dic Girona","og_url":"https:\/\/odontogirona.com\/es\/equipo\/sara-torres\/","og_site_name":"Odonto M\u00e8dic Girona","article_publisher":"https:\/\/www.facebook.com\/p\/Odontomedic-Centre-odontolgic-Girona-100065433253294\/?locale=gl_ES","article_modified_time":"2025-01-24T15:58:25+00:00","og_image":[{"width":1238,"height":2048,"url":"https:\/\/odontogirona.com\/wp-content\/uploads\/2024\/10\/Odontomedic-Girona-Equip-Sara-Torres.jpg","type":"image\/jpeg"}],"twitter_card":"summary_large_image","schema":{"@context":"https:\/\/schema.org","@graph":[{"@type":"WebPage","@id":"https:\/\/odontogirona.com\/es\/equipo\/sara-torres\/","url":"https:\/\/odontogirona.com\/es\/equipo\/sara-torres\/","name":"Sara Torres - Odonto M\u00e8dic Girona","isPartOf":{"@id":"https:\/\/odontogirona.com\/es\/#website"},"primaryImageOfPage":{"@id":"https:\/\/odontogirona.com\/es\/equipo\/sara-torres\/#primaryimage"},"image":{"@id":"https:\/\/odontogirona.com\/es\/equipo\/sara-torres\/#primaryimage"},"thumbnailUrl":"https:\/\/odontogirona.com\/wp-content\/uploads\/2024\/10\/Odontomedic-Girona-Equip-Sara-Torres.jpg","datePublished":"2024-10-08T07:02:13+00:00","dateModified":"2025-01-24T15:58:25+00:00","breadcrumb":{"@id":"https:\/\/odontogirona.com\/es\/equipo\/sara-torres\/#breadcrumb"},"inLanguage":"es","potentialAction":[{"@type":"ReadAction","target":["https:\/\/odontogirona.com\/es\/equipo\/sara-torres\/"]}]},{"@type":"ImageObject","inLanguage":"es","@id":"https:\/\/odontogirona.com\/es\/equipo\/sara-torres\/#primaryimage","url":"https:\/\/odontogirona.com\/wp-content\/uploads\/2024\/10\/Odontomedic-Girona-Equip-Sara-Torres.jpg","contentUrl":"https:\/\/odontogirona.com\/wp-content\/uploads\/2024\/10\/Odontomedic-Girona-Equip-Sara-Torres.jpg","width":1238,"height":2048},{"@type":"BreadcrumbList","@id":"https:\/\/odontogirona.com\/es\/equipo\/sara-torres\/#breadcrumb","itemListElement":[{"@type":"ListItem","position":1,"name":"Inici","item":"https:\/\/odontogirona.com\/es\/inicio\/"},{"@type":"ListItem","position":2,"name":"Equip","item":"https:\/\/odontogirona.com\/es\/equipo\/"},{"@type":"ListItem","position":3,"name":"Sara Torres"}]},{"@type":"WebSite","@id":"https:\/\/odontogirona.com\/es\/#website","url":"https:\/\/odontogirona.com\/es\/","name":"Odonto M\u00e8dic. Centre Odotol\u00f2gic Girona","description":"El teu centre odontol\u00f2gic a GIrona","publisher":{"@id":"https:\/\/odontogirona.com\/es\/#organization"},"potentialAction":[{"@type":"SearchAction","target":{"@type":"EntryPoint","urlTemplate":"https:\/\/odontogirona.com\/es\/?s={search_term_string}"},"query-input":{"@type":"PropertyValueSpecification","valueRequired":true,"valueName":"search_term_string"}}],"inLanguage":"es"},{"@type":"Organization","@id":"https:\/\/odontogirona.com\/es\/#organization","name":"Odonto M\u00e8dic, Centre Odotol\u00f2gic Girona","url":"https:\/\/odontogirona.com\/es\/","logo":{"@type":"ImageObject","inLanguage":"es","@id":"https:\/\/odontogirona.com\/es\/#\/schema\/logo\/image\/","url":"https:\/\/odontogirona.com\/wp-content\/uploads\/2024\/08\/ofontomedic-girona-simbol.webp","contentUrl":"https:\/\/odontogirona.com\/wp-content\/uploads\/2024\/08\/ofontomedic-girona-simbol.webp","width":186,"height":186,"caption":"Odonto M\u00e8dic, Centre Odotol\u00f2gic Girona"},"image":{"@id":"https:\/\/odontogirona.com\/es\/#\/schema\/logo\/image\/"},"sameAs":["https:\/\/www.facebook.com\/p\/Odontomedic-Centre-odontolgic-Girona-100065433253294\/?locale=gl_ES","https:\/\/www.instagram.com\/odontogirona\/"]}]}},"_links":{"self":[{"href":"https:\/\/odontogirona.com\/es\/wp-json\/wp\/v2\/equip\/710","targetHints":{"allow":["GET"]}}],"collection":[{"href":"https:\/\/odontogirona.com\/es\/wp-json\/wp\/v2\/equip"}],"about":[{"href":"https:\/\/odontogirona.com\/es\/wp-json\/wp\/v2\/types\/equip"}],"wp:featuredmedia":[{"embeddable":true,"href":"https:\/\/odontogirona.com\/es\/wp-json\/wp\/v2\/media\/607"}],"wp:attachment":[{"href":"https:\/\/odontogirona.com\/es\/wp-json\/wp\/v2\/media?parent=710"}],"wp:term":[{"taxonomy":"categoria-equip","embeddable":true,"href":"https:\/\/odontogirona.com\/es\/wp-json\/wp\/v2\/categoria-equip?post=710"}],"curies":[{"name":"wp","href":"https:\/\/api.w.org\/{rel}","templated":true}]}}

<!-- This site is optimized with the Yoast SEO plugin v27.5 - https://yoast.com/product/yoast-seo-wordpress/ -->
<title>Sara Torres - Odonto Mèdic Girona</title>
<meta name="robots" content="index, follow, max-snippet:-1, max-image-preview:large, max-video-preview:-1" />
<link rel="canonical" href="https://odontogirona.com/es/equipo/sara-torres/" />
<meta property="og:locale" content="es_ES" />
<meta property="og:type" content="article" />
<meta property="og:title" content="Sara Torres - Odonto Mèdic Girona" />
<meta property="og:url" content="https://odontogirona.com/es/equipo/sara-torres/" />
<meta property="og:site_name" content="Odonto Mèdic Girona" />
<meta property="article:publisher" content="https://www.facebook.com/p/Odontomedic-Centre-odontolgic-Girona-100065433253294/?locale=gl_ES" />
<meta property="article:modified_time" content="2025-01-24T15:58:25+00:00" />
<meta property="og:image" content="https://odontogirona.com/wp-content/uploads/2024/10/Odontomedic-Girona-Equip-Sara-Torres.jpg" />
	<meta property="og:image:width" content="1238" />
	<meta property="og:image:height" content="2048" />
	<meta property="og:image:type" content="image/jpeg" />
<meta name="twitter:card" content="summary_large_image" />
<script type="application/ld+json" class="yoast-schema-graph">{"@context":"https:\/\/schema.org","@graph":[{"@type":"WebPage","@id":"https:\/\/odontogirona.com\/es\/equipo\/sara-torres\/","url":"https:\/\/odontogirona.com\/es\/equipo\/sara-torres\/","name":"Sara Torres - Odonto Mèdic Girona","isPartOf":{"@id":"https:\/\/odontogirona.com\/es\/#website"},"primaryImageOfPage":{"@id":"https:\/\/odontogirona.com\/es\/equipo\/sara-torres\/#primaryimage"},"image":{"@id":"https:\/\/odontogirona.com\/es\/equipo\/sara-torres\/#primaryimage"},"thumbnailUrl":"https:\/\/odontogirona.com\/wp-content\/uploads\/2024\/10\/Odontomedic-Girona-Equip-Sara-Torres.jpg","datePublished":"2024-10-08T07:02:13+00:00","dateModified":"2025-01-24T15:58:25+00:00","breadcrumb":{"@id":"https:\/\/odontogirona.com\/es\/equipo\/sara-torres\/#breadcrumb"},"inLanguage":"es","potentialAction":[{"@type":"ReadAction","target":["https:\/\/odontogirona.com\/es\/equipo\/sara-torres\/"]}]},{"@type":"ImageObject","inLanguage":"es","@id":"https:\/\/odontogirona.com\/es\/equipo\/sara-torres\/#primaryimage","url":"https:\/\/odontogirona.com\/wp-content\/uploads\/2024\/10\/Odontomedic-Girona-Equip-Sara-Torres.jpg","contentUrl":"https:\/\/odontogirona.com\/wp-content\/uploads\/2024\/10\/Odontomedic-Girona-Equip-Sara-Torres.jpg","width":1238,"height":2048},{"@type":"BreadcrumbList","@id":"https:\/\/odontogirona.com\/es\/equipo\/sara-torres\/#breadcrumb","itemListElement":[{"@type":"ListItem","position":1,"name":"Inici","item":"https:\/\/odontogirona.com\/es\/inicio\/"},{"@type":"ListItem","position":2,"name":"Equip","item":"https:\/\/odontogirona.com\/es\/equipo\/"},{"@type":"ListItem","position":3,"name":"Sara Torres"}]},{"@type":"WebSite","@id":"https:\/\/odontogirona.com\/es\/#website","url":"https:\/\/odontogirona.com\/es\/","name":"Odonto Mèdic. Centre Odotològic Girona","description":"El teu centre odontològic a GIrona","publisher":{"@id":"https:\/\/odontogirona.com\/es\/#organization"},"potentialAction":[{"@type":"SearchAction","target":{"@type":"EntryPoint","urlTemplate":"https:\/\/odontogirona.com\/es\/?s={search_term_string}"},"query-input":{"@type":"PropertyValueSpecification","valueRequired":true,"valueName":"search_term_string"}}],"inLanguage":"es"},{"@type":"Organization","@id":"https:\/\/odontogirona.com\/es\/#organization","name":"Odonto Mèdic, Centre Odotològic Girona","url":"https:\/\/odontogirona.com\/es\/","logo":{"@type":"ImageObject","inLanguage":"es","@id":"https:\/\/odontogirona.com\/es\/#\/schema\/logo\/image\/","url":"https:\/\/odontogirona.com\/wp-content\/uploads\/2024\/08\/ofontomedic-girona-simbol.webp","contentUrl":"https:\/\/odontogirona.com\/wp-content\/uploads\/2024\/08\/ofontomedic-girona-simbol.webp","width":186,"height":186,"caption":"Odonto Mèdic, Centre Odotològic Girona"},"image":{"@id":"https:\/\/odontogirona.com\/es\/#\/schema\/logo\/image\/"},"sameAs":["https:\/\/www.facebook.com\/p\/Odontomedic-Centre-odontolgic-Girona-100065433253294\/?locale=gl_ES","https:\/\/www.instagram.com\/odontogirona\/"]}]}</script>
<!-- / Yoast SEO plugin. -->

Sara Torres - Odonto Mèdic Girona

Odonto Mèdic Girona

Odonto Mèdic. Centre Odotològic Girona

El teu centre odontològic a GIrona

Odonto Mèdic, Centre Odotològic Girona
